m(j) = 2*j**3 - 42*j**2 + 107*j + 19. Give m(x).
1
Let j = -71 + 31. Let z = j - -45. Let v(b) = 7 - z*b - 3*b**2 + 6*b**2 - 2*b**2. Determine v(5).
7
Let b(z) = -2*z**3 + 7*z**2 - 6*z + 4. Let k = -284 - -392. Suppose -101*h - 28 = -k*h. Give b(h).
-36
Let i(u) be the second derivative of u**4/12 - 3*u**3/2 - 11*u**2/2 - 26*u. Let w = -132 - -140. Give i(w).
-19
Let h(o) = -19*o**3 - 31*o**2 + 23*o - 26. Let v(l) = 6*l**3 + 9*l**2 - 8*l + 10. Let a(f) = -5*h(f) - 16*v(f). Calculate a(12).
-18
Suppose o - 3 = 4. Let d(z) = 2*z + 2. Let w(b) = 5*b - 6 - 3 + 8 - 6*b. Let t(r) = 3*d(r) + 5*w(r). What is t(o)?
8
Let n = 157 + -145. Let j be (-18)/n*(-4)/(-3). Let m(s) = -2*s + 2. What is m(j)?
6
Let d(r) = -r**2 + r + 2. Let m be d(2). Let b(n) be the second derivative of n**4/12 - n**3/6 - 29*n**2/2 - 1047*n. Calculate b(m).
-29
Let i(p) be the first derivative of 161 + 5/2*p**2 + 5*p + 1/4*p**4 + 4/3*p**3. What is i(-4)?
-15
Suppose -4 = w, -w - 18 = 2*a - 0*w. Let q(l) be the third derivative of 1/120*l**6 + 2/15*l**5 + 0*l + 1/3*l**4 + 5/3*l**3 + 0 + 19*l**2. What is q(a)?
3
Let c(m) = -125*m - 500. Let k be c(-4). Let b(g) = 4*g**3 + g**2 - 2*g + 12. What is b(k)?
12
Let n be (-87)/(-27) - (-4)/(-18). Suppose -n*f - 21 = m + f, -5*m = -f. Let l be (3 + -11 - m) + 1. Let x(w) = w**2 + 8*w. Determine x(l).
-12
Let j(g) be the second derivative of 5*g**3/3 - 113*g**2/2 - 13101*g. Calculate j(6).
-53
Let k(r) = -r**3 - 13*r**2 + 46*r - 28. Suppose -j = -7*j - 96. Let g be k(j). Let f(p) = 2*p + 2. What is f(g)?
10
Let j(q) = -2*q + 40. Let x(r) = 7. Let z(d) = j(d) - 8*x(d). Determine z(-7).
-2
Suppose 10*y + 461 + 449 = 0. Let p be ((-338)/y - 2/(-7))*1. Let u(k) = k**3 - 8*k**2 - 12*k + 10*k + 5 + 5*k - p*k. What is u(8)?
-3
Let z(o) = 3*o - 1. Let p be 102 + -13 - (5 - 1). Let c be (p/20 - 4) + (-22)/(-8). Let u be (-4)/(-3)*(c/1 + -6). What is z(u)?
-13
Let x(o) be the third derivative of o**6/120 - 2*o**5/3 - 43*o**4/24 + 41*o**3/3 - 4051*o**2. What is x(41)?
0
Let q(t) = 32*t + 21. Let f(h) = -14*h + 1. Let x(a) = 2*f(a) + q(a). Give x(-5).
3
Let k(y) = y + 9. Let h be (3/9)/((-19)/228). Let u(q) = -2*q - 11. Let t(p) = h*u(p) - 5*k(p). What is t(10)?
29
Let v be ((-156)/91)/((-10)/105). Let l(p) = -p**2 + 15*p + 15. Give l(v).
-39
Let i = -11 - -6. Let z(r) = -2*r**2 - 3*r + 26. Let w be z(4). Let k be 1/2 + i/(20/w). Let y(h) = -h**3 + 5*h**2 + h - 3. Determine y(k).
2
Let z(r) be the second derivative of -r**5/20 + 7*r**4/6 + 5*r**3/2 - 5*r**2 + 480*r. Give z(15).
-10
Let p(y) = -125*y - 34 - 145*y + 278*y. Determine p(6).
14
Let c(q) = 7*q - 33. Let t be (-8)/(-5) - (235/(-25) - (-27)/3). Calculate c(t).
-19
Let q(o) = 10*o**2 + 10*o - 17. Let u be q(4). Let z = -172 + u. Let y(g) = g**2 - 9*g - 10. Give y(z).
12
Let l(a) = 16*a + 2. Let t(q) = -7*q - 3 + 4*q - 3*q - 6*q. Let b(u) = 4*l(u) + 5*t(u). Give b(5).
13
Let s = 598 + -598. Let t(b) = 5*b - 68. Give t(s).
-68
Let f be (-1)/11 - 5313/(-2541). Let u(i) = -8*i**2 + 17*i. Give u(f).
2
Let c(k) = -50*k - 412. Let o(j) = 8*j + 69. Let z(t) = 6*c(t) + 37*o(t). What is z(23)?
-11
Let x(y) be the second derivative of -y**5/20 + y**4/4 - y**3/2 - y**2 + y. Let v(r) = -2*r**3 + 7*r**2 + 11*r + 5. Let g be v(-1). Give x(g).
-11
Let o be (-50)/(-24) + 318/(-3816). Let j(n) be the second derivative of 0 + 11/6*n**3 - 24*n - 1/2*n**o. Calculate j(2).
21
Let w(x) be the first derivative of -x**3/3 + 9*x**2/2 + 20*x + 3362. Determine w(-2).
-2
Let j(m) = -269 - 9*m**2 + m**3 + 627 - 351 - 12*m. Let x = 16 + -6. Give j(x).
-13
Suppose -3*t + 11 - 29 = 4*r, 0 = 3*t + 2*r + 6. Let c(g) = 2*g. Determine c(t).
4
Let z(k) = -14*k - 142. Let f(a) = 3*a + 28. Let h(i) = 22*f(i) + 4*z(i). Let w(b) = -7*b - 33. Let p(o) = -5*h(o) - 7*w(o). Give p(-4).
-5
Let w(v) = 15*v + v**2 - 2*v**2 - 29*v - 2. Let x(j) = -78*j + 2328. Let p be x(30). Determine w(p).
22
Let b = -12785 - -12793. Let n(x) = x**2 + 14*x - 188. Calculate n(b).
-12
Let n(l) = l**3 - 31*l**2 - 99*l + 1082. Let w be n(33). Let m(i) = i**2 + 11*i + 13. Determine m(w).
-15
Let j(k) be the first derivative of k - 73 + 1/2*k**2. What is j(-8)?
-7
Let u = 396 + -354. Let h(b) = 11*b - 9 + 26*b + 4 + b**2 - 5 - u*b. What is h(7)?
4
Suppose 2*y + 12 = 0, c - 20*y - 26 = -15*y. Let g be 4/(-18) + (-2)/(-9). Let o(i) = i**3 + g*i**3 + 2*i**2 - i - 1 - 5*i + 0. Give o(c).
-9
Let k(i) = -4*i - 64*i**2 + 41*i**2 + 8 + i**3 - 2*i + 5*i - i. Give k(23).
-38
Let x = 64 - 63. Let o(c) = 4*c**3 + 3*c**2 - c - 21. Let b(q) = q**3 + q**2 + 1. Let d(g) = x*o(g) - 3*b(g). What is d(0)?
-24
Let g(s) = 4*s**2 - 47*s - 15. Suppose 0 = -85*h - 102 + 1122. Determine g(h).
-3
Let d(j) = 17*j + 491. Suppose 22*m + 454 = -184. Calculate d(m).
-2
Suppose -6*z + 2*z - 58 = 5*q, z = -7. Let g(n) be the first derivative of -n**4/4 - 2*n**3 + n**2/2 - 2. Determine g(q).
-6
Let n(h) = -h**3 - 6*h**2 - h - 1. Suppose 1078 = 28*b + 1190. What is n(b)?
-29
Let v(q) = 76*q - 237*q + 81*q - 7 + 20*q**2 + 82*q. What is v(2)?
77
Let c(l) = -179*l**2 + 6 - 7*l + 2*l - 121*l**2 + 306*l**2. Give c(2).
20
Let h(g) = g**3 + 6*g**2 - 9*g - 10. Let n be (4 + -2)/(-1)*-1 - 0. Suppose 0*v + 4 = n*v, -v = -z - 9. Calculate h(z).
4
Let l(t) be the first derivative of -t**4/2 + t**3/3 - 3*t**2 + t - 10682. Give l(4).
-135
Let f(p) = -p**3 - 3*p**2 + 7*p + 6. Let o = 185 - 184. Let y(d) = -d**2 + d + 1. Let m(l) = o*f(l) - 3*y(l). Give m(-2).
3
Let r(a) = -a + 1. Let u(l) = -39*l + 30. Let y(k) = 8*k - 6. Let j(m) = -2*u(m) - 11*y(m). Let c(f) = -2*j(f) + 18*r(f). Let z = 63735 + -63739. What is c(z)?
-2
Let h(m) = -m**2 + 144. Let q be h(0). Let f = -141 + q. Let s(n) = n**2 - 6*n + 2. Determine s(f).
-7
Suppose 0 = 4*c + 3*f + 2913, -4*f + 584 = -5*c - 3065. Let d = c + 730. Let s(z) = 4*z**3 + 3*z**2 - 2. Determine s(d).
5
Let x(j) = -9 + 4*j**2 + 63*j + j**3 - 58*j + 3*j**2 + j**2. Let v(a) = -a**3 - 12*a**2 - 2*a - 12. Let q be v(-12). Suppose 0 = l - q + 19. Calculate x(l).
5
Let i(n) = -n**3 - 6*n**2 + 4*n + 5. Let b(s) = 3*s**2 + s + 312 - 2*s**2 - 311. Let a be b(-3). Suppose -c + 2*f + 3 - a = 0, 3*c = -3*f - 21. Calculate i(c).
-19
Let d(s) = -111 + 13 - 23 - 7 - 17*s - 54. Determine d(-12).
22
Suppose -5*k - 35 = -5*u, -4*u + 21 = 5*k - 34. Let o(i) = -i**2 + 11*i - 13. Let r be o(u). Let z(t) = -5 + 0*t**3 + t**3 + 4*t - 8*t + t**2 + 4. What is z(r)?
-7
Let y be -3 + 5 - (-4)/4. Let h(z) = 27*z**y + 27*z**3 - 1 + 2*z**2 - 4*z**2 - 52*z**3 + 3*z. What is h(2)?
13
Let s(u) = 10*u**2 - 5*u + 74. Let g(f) = 8*f**2 - 5*f + 54. Let o(z) = 4*g(z) - 3*s(z). Calculate o(-4).
46
Suppose 4*f = 2*i - 5 + 17, -3*i - 12 = 0. Let v(c) = 2*c**3 - 6*c**2 + 7*c - 2. Determine v(f).
1
Let k(j) be the third derivative of j**5/20 + 5*j**4/24 - j**3/3 - 1668*j**2. Calculate k(4).
66
Suppose 3*g + 6 + 3 = 0. Let u(h) = 13*h + 5 - 10*h + 7 + 8 - 19 + 3. Calculate u(g).
-5
Let v(r) = -21*r - r**3 - r**2 + 2*r**3 + 23*r. Let m = 71 + -116. Let s = m - -47. Give v(s).
8
Let g(d) = 2*d**3 + 53*d**2 + 77*d + 55. Let p be g(-25). Let q(l) = -l**3 + 9*l**2 - 18*l - 5. Calculate q(p).
5
Let b(k) = 3*k**2 - 50*k + 701. Let j(r) = -2*r**2 + 33*r - 467. Let l(t) = 5*b(t) + 8*j(t). Let s(q) be the first derivative of l(q). What is s(4)?
6
Let n(f) = f - 9. Let z(k) = 14 + k**2 - 4*k**2 + 89*k - 102*k. Let w be z(-5). What is n(w)?
-5
Let w(y) = -y + 1. Let z(c) = 4. Let r(g) = 2*w(g) - z(g). Let h = 221 + -539. Let s = h + 323. What is r(s)?
-12
Let f(t) = t**3 + 6*t**2 + 7. Suppose -12*o + o = -66. Suppose -q + o*q + 7 = -2*s, -4*q = -4. What is f(s)?
7
Let c be 8/(-14) - (150/(-42) + 12). Let w(z) = z**3 + 8*z**2 - 10*z - 3. Determine w(c).
6
Let n(y) = y**3 - 5*y**2 + 7*y + 1. Suppose -30 = -5*d, 3*w - 5 = -2*d + 19. Calculate n(w).
13
Let b(s) = s**2 + 8*s. Suppose 2*k = -3*m - 9, 0*m - 5*m - 13 = 4*k. Suppose -k*g - 2*g = a + 99, -4*a + 5*g - 321 = 0. Let l = -90 - a. Give b(l).
-12
Suppose 24*r - 72 - 48 = 0. Let d(j) = -j - r - 1 + 3 - 1. Give d(-7).
3
Let v = -259 + 260. Suppose -2 = o - 3. Let h be o/(0 + v) + 2 + 3. Let n(f) = -f**3 + 6*f**2 - 3*f + 8. Determine n(h).
-10
Let w be 12/15 - (-14)/(700/110). Let g(d) = -d**2 - 16*d + 56. Give g(w).
-1
Let b(y) = -2*y + 20. Let i be b(11). Let t(u) = u + 1.